{"id":2,"date":"2021-08-21T10:39:29","date_gmt":"2021-08-21T10:39:29","guid":{"rendered":"http:\/\/thecontentstrategy.be\/?page_id=2"},"modified":"2021-09-16T15:21:58","modified_gmt":"2021-09-16T15:21:58","slug":"sample-page","status":"publish","type":"page","link":"https:\/\/thecontentstrategy.be\/","title":{"rendered":"About"},"content":{"rendered":"\n<p>Bienvenue \u00e0 toutes et \u00e0 tous.<br><br>Ce cours de <strong>Content Strategy 2021<\/strong> est un cru particulier, un hybride de langues et de m\u00e9thodes, influenc\u00e9 par les vagues du COVID 19. En effet, si nous ambitionnons de donner 90% des cours en pr\u00e9sentiel, 10% le seront de facto en ligne&#8230;. La possibilit\u00e9 existe, si la m\u00e9t\u00e9o sanitaire l&#8217;exige, de basculer en full online tout en garantissant une exp\u00e9rience interactive unique et presque ludique, tel que l&#8217;e-learning peut le permettre.<br><br>Quoiqu&#8217;il en soit, \u00e0 la fin du cours, vous devrez \u00eatre capable de r\u00e9aliser une <strong>Strat\u00e9gie de Content Marketing pertinente<\/strong> compte tenu de la sp\u00e9cificit\u00e9 des diff\u00e9rentes techniques <strong>on line et off line<\/strong> qui vous auront \u00e9t\u00e9 pr\u00e9sent\u00e9es. Vous prendrez en compte le mod\u00e8le du <strong>WHY de Simon Sinek<\/strong> et vous serez \u00e0 m\u00eame de justifier le choix des touchpoints utilis\u00e9s pour r\u00e9pondre au briefing du client. <br><\/p>\n\n\n\n<div class=\"wp-block-buttons is-layout-flex wp-block-buttons-is-layout-flex\">\n<div class=\"wp-block-button is-style-fill\"><a class=\"wp-block-button__link has-vivid-cyan-blue-background-color has-background\" href=\"https:\/\/thecontentstrategy.be\/index.php\/courses\/the-content-strategy\/#tab-course-section__overview\" rel=\"\">Commencer le cours<\/a><\/div>\n<\/div>\n\n\n\n<p><\/p>\n","protected":false},"excerpt":{"rendered":"<p>Bienvenue \u00e0 toutes et \u00e0 tous. Ce cours de Content Strategy 2021 est un cru particulier, un hybride de langues et de m\u00e9thodes, influenc\u00e9 par les vagues du COVID 19. En effet, si nous ambitionnons de donner 90% des cours en pr\u00e9sentiel, 10% le seront de facto en ligne&#8230;. La possibilit\u00e9 existe, si la m\u00e9t\u00e9o [&hellip;]<\/p>\n","protected":false},"author":1,"featured_media":0,"parent":0,"menu_order":0,"comment_status":"closed","ping_status":"open","template":"","meta":{"footnotes":""},"class_list":["post-2","page","type-page","status-publish","hentry"],"_links":{"self":[{"href":"https:\/\/thecontentstrategy.be\/index.php\/wp-json\/wp\/v2\/pages\/2","targetHints":{"allow":["GET"]}}],"collection":[{"href":"https:\/\/thecontentstrategy.be\/index.php\/wp-json\/wp\/v2\/pages"}],"about":[{"href":"https:\/\/thecontentstrategy.be\/index.php\/wp-json\/wp\/v2\/types\/page"}],"author":[{"embeddable":true,"href":"https:\/\/thecontentstrategy.be\/index.php\/wp-json\/wp\/v2\/users\/1"}],"replies":[{"embeddable":true,"href":"https:\/\/thecontentstrategy.be\/index.php\/wp-json\/wp\/v2\/comments?post=2"}],"version-history":[{"count":23,"href":"https:\/\/thecontentstrategy.be\/index.php\/wp-json\/wp\/v2\/pages\/2\/revisions"}],"predecessor-version":[{"id":1428,"href":"https:\/\/thecontentstrategy.be\/index.php\/wp-json\/wp\/v2\/pages\/2\/revisions\/1428"}],"wp:attachment":[{"href":"https:\/\/thecontentstrategy.be\/index.php\/wp-json\/wp\/v2\/media?parent=2"}],"curies":[{"name":"wp","href":"https:\/\/api.w.org\/{rel}","templated":true}]}}